factors of 3356497?
17, 197441
What are the prime factors of 45338?
2, 22669
List the prime factors of 2222213.
7, 317459
List the prime factors of 833601.
3, 113, 2459
What are the prime factors of 345725?
5, 13829
List the prime factors of 501540.
2, 3, 5, 13, 643
What are the prime factors of 13912601?
13912601
What are the prime factors of 222845?
5, 7, 6367
List the prime factors of 5683030.
2, 5, 568303
What are the prime factors of 52184?
2, 11, 593
List the prime factors of 30117925.
5, 23, 52379
What are the prime factors of 6753833?
6753833
What are the prime factors of 82289?
19, 61, 71
What are the prime factors of 64391?
19, 3389
List the prime factors of 9435913.
19, 349, 1423
What are the prime factors of 25740144?
2, 3, 43, 4157
What are the prime factors of 392870?
2, 5, 17, 2311
What are the prime factors of 1454960?
2, 5, 13, 1399
What are the prime factors of 748116?
2, 3, 2309
What are the prime factors of 879856?
2, 127, 433
List the prime factors of 3231658.
2, 61, 26489
List the prime factors of 5007538.
2, 271, 9239
What are the prime factors of 35482981?
163, 217687
What are the prime factors of 4029269?
233, 17293
What are the prime factors of 7874605?
5, 587, 2683
What are the prime factors of 3689587?
11, 335417
What are the prime factors of 7884?
2, 3, 73
List the prime factors of 451545.
3, 5, 30103
List the prime factors of 21508430.
2, 5, 29, 74167
List the prime factors of 86737.
7, 12391
List the prime factors of 10052441.
7, 1436063
List the prime factors of 18397015.
5, 7, 13, 40433
List the prime factors of 3508096.
2, 27407
List the prime factors of 30348823.
30348823
List the prime factors of 231894.
2, 3, 13, 991
What are the prime factors of 6547935?
3, 5, 436529
What are the prime factors of 25364041?
59, 429899
What are the prime factors of 5929811?
101, 58711
List the prime factors of 3719421.
3, 19, 21751
List the prime factors of 47509.
7, 11, 617
What are the prime factors of 325437?
3, 7, 15497
List the prime factors of 179869.
43, 47, 89
List the prime factors of 8220022.
2, 31, 197, 673
List the prime factors of 207360.
2, 3, 5
What are the prime factors of 13685858?
2, 6842929
List the prime factors of 2162612.
2, 53, 101
What are the prime factors of 1883510?
2, 5, 188351
List the prime factors of 350612.
2, 23, 37, 103
What are the prime factors of 434028?
2, 3, 7, 5167
List the prime factors of 644108.
2, 283, 569
What are the prime factors of 88953?
3, 149, 199
List the prime factors of 166122.
2, 3, 11, 839
What are the prime factors of 259679?
7, 37097
List the prime factors of 19572622.
2, 19, 29, 17761
What are the prime factors of 33566086?
2, 16783043
What are the prime factors of 5709374?
2, 11, 259517
List the prime factors of 983885.
5, 7, 28111
What are the prime factors of 5286961?
29, 182309
List the prime factors of 5868231.
3, 1319, 1483
List the prime factors of 28108.
2, 7027
List the prime factors of 230380.
2, 5, 11519
List the prime factors of 28117115.
5, 13, 491, 881
List the prime factors of 9023.
7, 1289
List the prime factors of 85727.
59, 1453
List the prime factors of 6156389.
47, 130987
What are the prime factors of 1112393?
19, 127, 461
What are the prime factors of 507352?
2, 63419
What are the prime factors of 665314?
2, 13, 25589
List the prime factors of 2467109.
1181, 2089
What are the prime factors of 629880?
2, 3, 5, 29, 181
What are the prime factors of 486265?
5, 13, 7481
List the prime factors of 3100992.
2, 3, 31, 521
List the prime factors of 1615634.
2, 807817
List the prime factors of 12927.
3, 31, 139
What are the prime factors of 210101?
210101
List the prime factors of 260793.
3, 13, 743
List the prime factors of 394883.
331, 1193
What are the prime factors of 572649?
3, 7, 11, 37, 67
What are the prime factors of 14124085?
5, 877, 3221
List the prime factors of 4190018.
2, 7, 299287
List the prime factors of 23913.
3, 2657
List the prime factors of 11800222.
2, 7, 163, 5171
List the prime factors of 1460519.
131, 11149
List the prime factors of 1863970.
2, 5, 186397
What are the prime factors of 1070738?
2, 29, 18461
What are the prime factors of 1351232?
2, 43, 491
What are the prime factors of 245178?
2, 3, 53, 257
List the prime factors of 156113.
107, 1459
List the prime factors of 76777.
76777
What are the prime factors of 99986?
2, 49993
List the prime factors of 362866.
2, 7, 25919
List the prime factors of 1448751.
3, 482917
What are the prime factors of 1143224?
2, 142903
List the prime factors of 946174.
2, 23, 67, 307
What are the prime factors of 2290537?
2290537
What are the prime factors of 8156111?
19, 43, 67, 149
List the prime factors of 188326.
2, 17, 29, 191
List the prime factors of 39853.
11, 3623
What are the prime factors of 6029?
6029
What are the prime factors of 10361749?
10361749
What are the prime factors of 30694653?
3, 11, 103349
What are the prime factors of 5741871?
3, 1913957
What are the prime factors of 23086?
2, 7, 17, 97
What are the prime factors of 27305?
5, 43, 127
List the prime factors of 15857069.
71, 223339
List the prime factors of 475907.
475907
List the prime factors of 1801959.
3, 197, 3049
What are the prime factors of 4573949?
4573949
What are the prime factors of 724837?
724837
List the prime factors of 310062.
2, 3, 31, 1667
List the prime factors of 169696.
2, 5303
List the prime factors of 304474.
2, 23, 6619
What are the prime factors of 7761606?
2, 3, 1013, 1277
What are the prime factors of 9617437?
2593, 3709
List the prime factors of 8989129.
821, 10949
What are the prime factors of 896774?
2, 448387
List the prime factors of 7139105.
5, 1427821
List the prime factors of 4795265.
5, 281, 3413
What are the prime factors of 1819319?
109, 16691
List the prime factors of 463696.
2, 73, 397
What are the prime factors of 1116469?
1116469
List the prime factors of 3969158.
2, 43, 46153
What are the prime factors of 424870?
2, 5, 42487
What are the prime factors of 133165?
5, 26633
What are the prime factors of 16983307?
11, 41, 37657
What are the prime factors of 1192481?
23, 139, 373
List the prime factors of 933788.
2, 43, 61, 89
List the prime factors of 11689141.
41, 285101
What are the prime factors of 1894963?
7, 270709
List the prime factors of 4504808.
2, 7, 11, 71, 103
List the prime factors of 1066724.
2, 266681
List the prime factors of 940846.
2, 47, 10009
What are the prime factors of 3631517?
3631517
What are the prime factors of 147253?
147253
What are the prime factors of 30244213?
30244213
List the prime factors of 7970020.
2, 5, 223, 1787
List the prime factors of 178347.
3, 13, 17, 269
List the prime factors of 448571.
19, 23609
What are the prime factors of 2113933?
17, 124349
List the prime factors of 24616275.
3, 5, 59, 5563
List the prime factors of 261895.
5, 52379
What are the prime factors of 110743?
59, 1877
What are the prime factors of 12932941?
7, 1847563
What are the prime factors of 14615299?
14615299
List the prime factors of 563326.
2, 281663
List the prime factors of 6695294.
2, 3347647
What are the prime factors of 7830474?
2, 3, 107, 12197
List the prime factors of 25948171.
17, 1526363
What are the prime factors of 5658063?
3, 1886021
List the prime factors of 765311.
89, 8599
What are the prime factors of 300632?
2, 37579
What are the prime factors of 258667?
37, 6991
List the prime factors of 4159046.
2, 43, 137, 353
What are the prime factors of 2808703?
2808703
What are the prime factors of 40772811?
3, 29, 468653
List the prime factors of 4719552.
2, 3, 47, 523
What are the prime factors of 2553579?
3, 7, 59, 229
What are the prime factors of 991901?
991901
What are the prime factors of 1189137?
3, 396379
What are the prime factors of 5049291?
3, 13, 129469
What are the prime factors of 450250?
2, 5, 1801
What are the prime factors of 124166?
2, 7, 181
What are the prime factors of 9773607?
3, 3257869
List the prime factors of 11793849.
3, 3931283
What are the prime factors of 2967794?
2, 89, 16673
What are the prime factors of 1887907?
7, 269701
What are the prime factors of 346117?
346117
List the prime factors of 563482.
2, 17, 16573
List the prime factors of 33058802.
2, 7, 2361343
What are the prime factors of 3198889?
131, 24419
List the p